{"id":3433,"date":"2017-01-04T14:34:17","date_gmt":"2017-01-04T16:34:17","guid":{"rendered":"http:\/\/casasindico.com.br\/loja\/?page_id=3433"},"modified":"2017-06-19T15:51:30","modified_gmt":"2017-06-19T18:51:30","slug":"como-comprar","status":"publish","type":"page","link":"http:\/\/casasindico.com.br\/loja\/como-comprar\/","title":{"rendered":"Como Comprar"},"content":{"rendered":"<p><script type=\"text\/javascript\">\n\/* <![CDATA[ *\/\nvar google_conversion_id = 871464551;\nvar google_custom_params = window.google_tag_params;\nvar google_remarketing_only = true;\n\/* ]]> *\/\n<\/script><br \/>\n<script type=\"text\/javascript\" src=\"\/\/www.googleadservices.com\/pagead\/conversion.js\">\n<\/script><br \/>\n<noscript><\/p>\n<div style=\"display:inline;\">\n<img loading=\"lazy\" height=\"1\" width=\"1\" style=\"border-style:none;\" alt=\"\" src=\"\/\/googleads.g.doubleclick.net\/pagead\/viewthroughconversion\/871464551\/?guid=ON&amp;script=0\"\/>\n<\/div>\n<p><\/noscript><br \/>\n<img loading=\"lazy\" class=\"size-full wp-image-26 aligncenter\" src=\"http:\/\/casasindico.com.br\/loja\/wp-content\/uploads\/2016\/12\/casa_do_sindico.png\" alt=\"casa_do_sindico\" width=\"282\" height=\"86\" srcset=\"http:\/\/casasindico.com.br\/loja\/wp-content\/uploads\/2016\/12\/casa_do_sindico.png 282w, http:\/\/casasindico.com.br\/loja\/wp-content\/uploads\/2016\/12\/casa_do_sindico-260x79.png 260w, http:\/\/casasindico.com.br\/loja\/wp-content\/uploads\/2016\/12\/casa_do_sindico-50x15.png 50w, http:\/\/casasindico.com.br\/loja\/wp-content\/uploads\/2016\/12\/casa_do_sindico-150x46.png 150w\" sizes=\"(max-width: 282px) 100vw, 282px\" \/><\/p>\n<p>A Casa do S\u00edndico atende todo o territ\u00f3rio nacional e fazer uma compra \u00e9 muito simples:<\/p>\n<p>1\u00ba \u2013 Escolha o seu produto. Selecione as varia\u00e7\u00f5es do produto como cor e tamanho. (Se preferir, voc\u00ea ainda pode inserir o CEP do local da entrega no campo indicado para calcular o frete para entrega!)<\/p>\n<p>2\u00ba \u2013 Clique em COMPRAR para adicionar o produto ao seu carrinho! (Lembrando que voc\u00ea pode adicionar mais de um produto, ou diferentes produtos ao carrinho numa mesma compra.)<\/p>\n<p>3\u00ba \u2013 Caso queira finalizar a compra, clique no bot\u00e3o \u201cFINALIZAR COMPRA\u201d na barra de menu, ou ainda no bot\u00e3o \u201cCHECKOUT\u201d na barra superior do site, e voc\u00ea ser\u00e1 direcionado para p\u00e1gina de FINALIZA\u00c7\u00c3O DE COMPRAS.\u00a0 Caso queira continuar comprando, \u00e9 s\u00f3 repetir os passos \u201c1\u201d e \u201c2\u201d.<\/p>\n<p>Obs: A qualquer momento voc\u00ea pode visualizar o carrinho com seus produtos clicando no \u00edcone do CARRINHO DE COMPRAS na barra superior do site. L\u00e1 voc\u00ea tem uma pr\u00e9-visualiza\u00e7\u00e3o da sua compra, podendo alterar a quantidade de pe\u00e7as escolhidas, ou exclu\u00ed-las de seu pedido.<\/p>\n<p>4\u00ba \u2013 Na p\u00e1gina de FINALIZA\u00c7\u00c3O DE COMPRA, voc\u00ea confere o seu pedido, preenche o cadastro de compra com seus dados para entrega do produto e escolhe o tipo de frete (PAC, SEDEX, SEDEX 10\u2026).<\/p>\n<p>5\u00ba \u2013 Agora \u00e9 s\u00f3 clicar no bot\u00e3o \u201cREALIZAR PAGAMENTO\u201d,\u00a0 seguir o passo-a-passo do sistema com preenchimento de seus dados, escolher o tipo de pagamento ( boleto, cart\u00e3o de cr\u00e9dito, etc\u2026) e realizar o pagamento. Voc\u00ea receber\u00e1 um e-mail de confirma\u00e7\u00e3o de compra e detalhes do seu pedido.<\/p>\n<p>Pronto! Voc\u00ea acaba de adquirir um produto de qualidade com praticidade e seguran\u00e7a!<br \/>\nEntraremos em contato por e-mail com os dados de sua compra e confirmando o pagamento.<\/p>\n<p>Para pagamentos feitos atrav\u00e9s de Boleto, o pedido ser\u00e1 confirmado somente ap\u00f3s a aprova\u00e7\u00e3o do pagamento.<\/p>\n<p>Nossos pagamentos s\u00e3o efetuados atrav\u00e9s do PagSeguro, um dos sistemas mais seguros em forma de pagamento do mercado. Ele garante a seguran\u00e7a de quem compra e de quem vende na web. Tendo a op\u00e7\u00e3o pagamento a vista, atrav\u00e9s de boleto, ou de parcelamento em at\u00e9 12x com juros. Quem compra com PagSeguro tem a garantia de produto ou servi\u00e7o entregue ou seu dinheiro de volta.<\/p>\n<p>Caso tenha alguma d\u00favida, entre em contato conosco atrav\u00e9s de nossos canais de relacionamento com o cliente que teremos prazer em lhe auxiliar!<\/p>\n","protected":false},"excerpt":{"rendered":"<p>A Casa do S\u00edndico atende todo o territ\u00f3rio nacional e fazer uma compra \u00e9 muito simples: 1\u00ba \u2013 Escolha o seu produto. Selecione as varia\u00e7\u00f5es do [&hellip;]<\/p>\n","protected":false},"author":1,"featured_media":0,"parent":0,"menu_order":0,"comment_status":"closed","ping_status":"closed","template":"","meta":[],"_links":{"self":[{"href":"http:\/\/casasindico.com.br\/loja\/wp-json\/wp\/v2\/pages\/3433"}],"collection":[{"href":"http:\/\/casasindico.com.br\/loja\/wp-json\/wp\/v2\/pages"}],"about":[{"href":"http:\/\/casasindico.com.br\/loja\/wp-json\/wp\/v2\/types\/page"}],"author":[{"embeddable":true,"href":"http:\/\/casasindico.com.br\/loja\/wp-json\/wp\/v2\/users\/1"}],"replies":[{"embeddable":true,"href":"http:\/\/casasindico.com.br\/loja\/wp-json\/wp\/v2\/comments?post=3433"}],"version-history":[{"count":4,"href":"http:\/\/casasindico.com.br\/loja\/wp-json\/wp\/v2\/pages\/3433\/revisions"}],"predecessor-version":[{"id":4551,"href":"http:\/\/casasindico.com.br\/loja\/wp-json\/wp\/v2\/pages\/3433\/revisions\/4551"}],"wp:attachment":[{"href":"http:\/\/casasindico.com.br\/loja\/wp-json\/wp\/v2\/media?parent=3433"}],"curies":[{"name":"wp","href":"https:\/\/api.w.org\/{rel}","templated":true}]}}